*4/24 + 2*c**2. What is the remainder when q(3) is divided by w(4)?
51
Let m(z) = 2*z**3 + 2*z + 2. Suppose 4 = 13*o + 43. Let k be m(o). Calculate the remainder when k/(-8)*(25 - 1) is divided by 16.
14
Suppose 5*m - 5*g - 570 = 0, -12*m + 4*g - 615 = -17*m. Suppose -m*l + 65 = -114*l. Calculate the remainder when 38 is divided by l.
12
What is the remainder when (8/(-28))/(8/(-33572)) is divided by 33?
11
Let q = -163 - -166. Suppose -29*s = 2*y - 26*s - 360, 0 = 2*y - q*s - 372. Calculate the remainder when y is divided by 46.
45
Let u = 839 + -798. What is the remainder when 513 is divided by u?
21
Let a(b) = b**3 - 4*b**2 - 6*b - 5. Let t = -7 - -12. Let p be a(t). What is the remainder when 36 is divided by (1 + 18/p)/(2/(-50))?
16
Suppose -156 = -l - 4*t, 5*t - t = -2*l + 304. Suppose 2*f - 489 = -f. Let z = f - l. Calculate the remainder when 284 is divided by z.
14
Let s(y) = 133*y**2 - 7*y + 35. What is the remainder when s(4) is divided by 238?
231
Let m(n) = -3*n**3 - 12*n**2 - 25*n - 2. Let b = 170 - 101. Calculate the remainder when b is divided by m(-2).
21
Suppose -o + 26 = 3*s, 5*o = 3*s - s - 23. Let x = 49 - s. Suppose 42*u = x*u + 16. Calculate the remainder when 38 is divided by u.
6
Calculate the remainder when 148/12 - (-3)/72*4*4 is divided by 6.
1
Suppose -114*z + 96388 = -51584. Calculate the remainder when z is divided by 42.
38
Suppose 191*i - 189*i = -2, -k + 4*i + 71 = 0. What is the remainder when 209 is divided by k?
8
Suppose f + 2*c - 1189 = 258, f - 1451 = 2*c. Suppose 74*g = 71*g + f. Calculate the remainder when g is divided by 81.
78
Let u(q) = -11*q**3 + 2*q - 1. Let j be u(1). Let r = j + 17. Let y(d) = -421*d - 10936. What is the remainder when y(-26) is divided by r?
3
Calculate the remainder when 35/10*(-8 - 5652/(-63)) is divided by 15.
1
Let u(c) = c + 5. Let q be u(6). Let b be 1727/33 - 3/9. Suppose b = 13*y - q*y. What is the remainder when 154 is divided by y?
24
Suppose 3*f + b - 191 = 0, -4 = 33*b - 32*b. What is the remainder when 5848 is divided by f?
63
Let c = 598 - 57. Suppose 26*d = c - 73. Calculate the remainder when 29 is divided by d.
11
Suppose -z + 2715 = 3*g, -6*g = 5*z - g - 13605. What is the remainder when z is divided by 11?
7
Suppose q - 7 = 4*j, -5*q = 4*j - 6 - 77. Calculate the remainder when 2 + (-102)/170 + (-363)/(-5) is divided by q.
14
Suppose 5729 - 35614 = -287*q + 72*q. Calculate the remainder when q is divided by 8.
3
Let w = 2371 - 2363. Calculate the remainder when 327 is divided by w.
7
Let n(s) = -12*s + 33. Let r be n(6). Let m = r - -59. What is the remainder when 156 is divided by m?
16
What is the remainder when (29 - 19) + (10/6)/((-35)/(-42)) is divided by (3/(-9))/(1/(-27))?
3
Let j = 65 - 29. Suppose -250 = 2*a - 2*r, 135 = -a - 0*a + 3*r. What is the remainder when j is divided by (9/6)/(9/a*-1)?
16
Let g = -866 + 991. What is the remainder when 442 is divided by g?
67
Let a(f) = -f - 2. Let n be (10/(-10))/((-1)/(-3)). Let d be a(n). Calculate the remainder when 37 is divided by d*((-68)/(-12) - 2/3).
2
Let u = -826 + 876. Suppose 5*k + 194 = 3*l, -54 = 5*l - k - 370. Suppose -q - 2*t = 4*q - l, 4*q - 56 = 4*t. What is the remainder when u is divided by q?
11
Let g = 532 + -372. Suppose -43*s + 47*s = g. What is the remainder when 81 is divided by s?
1
Let w = 22 + -22. Suppose w = -7*p + 2*p - 20. What is the remainder when 28 is divided by (18 + p)*1 + -4?
8
Suppose 255*v = 254*v, -z = 2*v - 306. Calculate the remainder when 936 is divided by z.
18
Let x be 27/36*(-1 - -45). Let s be 88/x + 4/(-6). Suppose -25 + 73 = s*o. What is the remainder when o is divided by 13?
11
Let z(v) = 26*v**2 + 113*v - 1. Let y = 21 + 8. What is the remainder when z(-5) is divided by y?
26
Let t(f) = f - 2. Let p be t(2). Let x(s) = s**2 + 380. What is the remainder when x(p) is divided by 64?
60
Let x(d) = -165*d + 8852. What is the remainder when 1609 is divided by x(52)?
249
Let p = -240 + 107. Let i = p + 155. Calculate the remainder when 34 is divided by i.
12
Suppose 2*k + 3 = -k - 3*z, -20 = 5*z. Suppose 0 = -k*p - p + 32. Let j(q) = -45*q**3 + 5*q**2 + 13*q + 10. What is the remainder when j(-1) is divided by p?
7
Let u be (1/(-2))/((-2)/(-4)) + 222. Let m = u + -218. Calculate the remainder when m is divided by 1.
0
Let i = 407 - 233. Let q(h) = -22*h + 336. Let u be q(15). Suppose 173 = -u*g + 305. What is the remainder when i is divided by g?
20
Suppose 4005 + 1545 = 222*u. What is the remainder when 314 is divided by u?
14
Suppose 14 - 52 = 19*z. Calculate the remainder when (6 - 9 - z) + 111 is divided by (0 - 7)/((-1)/4).
26
Let k be (-1)/(3/216*-2). Let o be ((-8)/12)/((-8)/k). Suppose 5*d - o*d - 166 = 0. Calculate the remainder when d is divided by 29.
25
Suppose 330 = -35517*o + 35532*o. Let q = -1 + 2. Suppose -y + 4 + q = 0. What is the remainder when o is divided by y?
2
Suppose 5*y = -5*k - 780, k - 464 = -8*y + 11*y. Let u = 179 + y. What is the remainder when 61 is divided by u?
13
Let g = -9798 - -3793. Calculate the remainder when g/(-35) - 33/(-77) is divided by 29.
27
Suppose -4*i = -8*i + 96. Let y = 68 - 32. Suppose y = u - 3*v, 0*u - 5*u = -5*v - 210. Calculate the remainder when u is divided by i.
21
Suppose 10*y + 1301 = -579. Let k = y + 231. Calculate the remainder when k is divided by 9.
7
Let d(i) = -i**2 + 23*i + 40. Let a be d(13). Let h = a - 163. Calculate the remainder when 96 is divided by h.
5
Let d be (-21 - 7)*(-21)/(-12). Let p = -23 + d. Let k = -39 - p. Calculate the remainder when k is divided by 12.
9
What is the remainder when 45/(-570)*-19*(-142)/(-3) is divided by 62?
9
Let f(l) = 2*l + 58. Let t be f(9). Let j = t + -71. Calculate the remainder when 59 is divided by (29 - (0 - -4))*1/j.
4
Suppose -145*b + 148*b + 4*v - 121 = 0, 0 = -b + 4*v + 51. Let q(p) = 4*p**3 + p**2 - 2*p + 1. Calculate the remainder when b is divided by q(1).
3
Let p = -58 + 382. Calculate the remainder when p/189*(-322)/(-4) is divided by 25.
13
Let j = -236 + 307. Let u = 103 - j. What is the remainder when u is divided by 7?
4
Suppose -g + 493 + 18 = 11*t, -24 = 4*g. Calculate the remainder when 421 is divided by t.
45
Suppose 5*f + 14 = 3*q, 3*f + 11 = -2*q - 5. Calculate the remainder when (2 + (-266)/(-6 - f))/1 is divided by 14.
9
Calculate the remainder when (2 + -4 + (-3540)/(-20))/1 is divided by 134.
41
Let r = -506 - -473. Calculate the remainder when (-687)/(-12) - r/44 is divided by 9.
4
Let r(j) = -5*j**3 - 3*j**2 - 3*j + 2. Let w = 13153 + -13123. What is the remainder when r(-3) is divided by w?
29
Let l(f) = -f**2 - 20*f + 57. Calculate the remainder when 1469 is divided by l(-7).
137
Suppose 2*n - 3*v - 76 = -4*v, -4*v = -3*n + 114. Suppose -7*p + 9*p = n. Calculate the remainder when (p/38)/(1/148) is divided by 19.
17
Let g be (238/21)/(1/3). Suppose 0 = 4*m + 18 + g. Let p = m - -54. What is the remainder when p is divided by 6?
5
Suppose -59*v + 4*v = -11880. What is the remainder when v is divided by 29?
13
Let h(d) = -d**3 + 76*d**2 + 26*d - 528. What is the remainder when h(73) is divided by 70?
67
Let x be 1/7 - 1323/(-343). Suppose -l - 3*d + 4*d = -38, 6*d - 142 = -x*l. What is the remainder when l is divided by 2?
1
Let s(w) = -2*w**3 + 2*w**2 + 2*w - 1. Let h = 39793 + -39779. Calculate the remainder when s(-3) is divided by h.
9
Suppose 2*f + 2*f + 5*r = 2, 4*f + 4*r = 4. Suppose 4*d - f*h - 394 = 0, 11*h - 8*h - 106 = -d. What is the remainder when 210 is divided by d?
10
Let r = 604 + -561. Suppose 4*b = 3*f - 647, 3*b + 1030 = 5*f + 6*b. What is the remainder when f is divided by r?
37
Suppose 93*u + 86*u = 38*u + 2538. Calculate the remainder when 6064 is divided by u.
16
Suppose 6*h - 506 = -26. Suppose 4*o = p + 226, o + 16 = 4*p + h. What is the remainder when o is divided by 21?
14
Let r(m) = m**3 - 18*m**2 - 15*m - 49. Let h(d) = d**3 - 11*d**2 - 12*d + 19. Let f be h(12). What is the remainder when 78 is divided by r(f)?
24
Suppose -5497 = 14*w - 20407. Calculate the remainder when w is divided by 14.
1
Suppose 2*p - 1736 = -4*n, 36*n - 31*n = 30. Calculate the remainder when p is divided by 51.
40
Let k(u) = -u**2 + 15*u + 3. Let h be k(14). Suppose -h*i = 5*i - 2464. What is the remainder when